ainder when 1985 is divided by 85?
30
What is the remainder when 82414 is divided by 606?
604
Calculate the remainder when 1717824 is divided by 226.
224
Calculate the remainder when 5406 is divided by 1253.
394
Calculate the remainder when 15600 is divided by 6.
0
Calculate the remainder when 221744 is divided by 94.
92
Calculate the remainder when 605816 is divided by 69.
65
Calculate the remainder when 81850 is divided by 334.
20
Calculate the remainder when 14214 is divided by 419.
387
Calculate the remainder when 952 is divided by 336.
280
What is the remainder when 589616 is divided by 461?
458
What is the remainder when 6799 is divided by 774?
607
What is the remainder when 80963 is divided by 2?
1
What is the remainder when 3613 is divided by 1201?
10
What is the remainder when 127685 is divided by 274?
1
Calculate the remainder when 11592 is divided by 464.
456
What is the remainder when 4653 is divided by 275?
253
What is the remainder when 391513 is divided by 215?
213
Calculate the remainder when 1983 is divided by 932.
119
What is the remainder when 55654 is divided by 671?
632
What is the remainder when 1471 is divided by 733?
5
What is the remainder when 5356 is divided by 1337?
8
Calculate the remainder when 18913 is divided by 6295.
28
What is the remainder when 6340 is divided by 1267?
5
What is the remainder when 89591 is divided by 199?
41
What is the remainder when 81377 is divided by 180?
17
Calculate the remainder when 51807 is divided by 17.
8
What is the remainder when 78887 is divided by 11?
6
What is the remainder when 15055 is divided by 269?
260
Calculate the remainder when 10397 is divided by 3395.
212
Calculate the remainder when 72997 is divided by 122.
41
What is the remainder when 29016 is divided by 14502?
12
Calculate the remainder when 6433322 is divided by 25.
22
Calculate the remainder when 5815 is divided by 198.
73
Calculate the remainder when 12005 is divided by 3764.
713
Calculate the remainder when 5291 is divided by 1522.
725
What is the remainder when 77680 is divided by 411?
1
What is the remainder when 993 is divided by 278?
159
What is the remainder when 21226 is divided by 85?
61
Calculate the remainder when 3341 is divided by 334.
1
Calculate the remainder when 4220 is divided by 4219.
1
What is the remainder when 342201 is divided by 10?
1
Calculate the remainder when 37657 is divided by 12522.
91
Calculate the remainder when 14662 is divided by 3270.
1582
Calculate the remainder when 72848 is divided by 47.
45
Calculate the remainder when 16571 is divided by 2760.
11
What is the remainder when 1747 is divided by 583?
581
Calculate the remainder when 3192 is divided by 1053.
33
Calculate the remainder when 2123124 is divided by 625.
624
Calculate the remainder when 36069 is divided by 36049.
20
What is the remainder when 66003 is divided by 19?
16
Calculate the remainder when 481660 is divided by 32.
28
What is the remainder when 15966 is divided by 222?
204
Calculate the remainder when 106253 is divided by 35411.
20
What is the remainder when 145589 is divided by 26?
15
What is the remainder when 2830844 is divided by 206?
198
Calculate the remainder when 5199 is divided by 1731.
6
What is the remainder when 45205 is divided by 15068?
1
What is the remainder when 14905 is divided by 209?
66
What is the remainder when 460592 is divided by 137?
135
What is the remainder when 87899 is divided by 60?
59
Calculate the remainder when 29439 is divided by 199.
186
What is the remainder when 1597 is divided by 612?
373
What is the remainder when 2328 is divided by 492?
360
What is the remainder when 8350 is divided by 239?
224
What is the remainder when 17726 is divided by 5902?
20
Calculate the remainder when 14525 is divided by 137.
3
Calculate the remainder when 8204 is divided by 161.
154
Calculate the remainder when 22013 is divided by 192.
125
Calculate the remainder when 270401 is divided by 66.
65
What is the remainder when 2240681 is divided by 560170?
1
Calculate the remainder when 21096 is divided by 2634.
24
Calculate the remainder when 952 is divided by 94.
12
What is the remainder when 2017 is divided by 32?
1
Calculate the remainder when 358494 is divided by 27.
15
What is the remainder when 3707 is divided by 53?
50
What is the remainder when 7786 is divided by 104?
90
Calculate the remainder when 246829 is divided by 363.
352
What is the remainder when 16558 is divided by 417?
295
Calculate the remainder when 2210 is divided by 538.
58
Calculate the remainder when 16860 is divided by 8390.
80
Calculate the remainder when 1380 is divided by 215.
90
What is the remainder when 129347 is divided by 207?
179
What is the remainder when 325126 is divided by 28?
18
What is the remainder when 262399 is divided by 1785?
4
What is the remainder when 84790 is divided by 874?
12
Calculate the remainder when 157457 is divided by 64.
17
Calculate the remainder when 347357 is divided by 13.
10
What is the remainder when 133978 is divided by 140?
138
Calculate the remainder when 1755 is divided by 944.
811
What is the remainder when 4283 is divided by 57?
8
What is the remainder when 761 is divided by 316?
129
Calculate the remainder when 10226 is divided by 847.
62
Calculate the remainder when 7478 is divided by 299.
3
Calculate the remainder when 11950 is divided by 15.
10
What is the remainder when 773877 is divided by 24?
21
Calculate the remainder when 23732 is divided by 4736.
52
Calculate the remainder when 8852653 is divided by 1726.
1725
Calculate the remainder when 224502 is divided by 227.
226
Calculate the remainder when 3626 is divided by 744.
650
What is the remainder when 30763 is divided by 362?
355
Calculate the remainder when 65417 is divided by 20.
17
Calculate the remainder when 212 is divided by 193.
19
What is the remainder when 2256 is divided by 160?
16
What is the remainder when 78399 is divided by 6030?
9
Calculate the remainder when 63475 is divided by 513.
376
Calculate the remainder when 3188 is divided by 640.
628
Calculate the remainder when 5623 is divided by 5209.
414
Calculate the remainder when 7596 is divided by 1260.
36
Calculate the remainder when 1357 is divided by 132.
37
Calculate the remainder when 4401 is divided by 127.
83
Calculate the remainder when 73164 is divided by 24385.
9
Calculate the remainder when 2362 is divided by 9.
4
What is the remainder when 1117 is divided by 312?
181
What is the remainder when 25989 is divided by 12859?
271
Calculate the remainder when 11611 is divided by 1771.
985
What is the remainder when 95722 is divided by 47853?
16
What is the remainder when 17701 is divided by 13?
8
Calculate the remainder when 28959 is divided by 191.
118
What is the remainder when 3189 is divided by 87?
57
What is the remainder when 3545555 is divided by 41?
39
Calculate the remainder when 1217441 is divided by 22.
5
Calculate the remainder when 12014 is divided by 2001.
8
What is the remainder when 182 is divided by 86?
10
Calculate the remainder when 53749 is divided by 853.
10
What is the remainder when 798975 is divided by 354?
351
Calculate the remainder when 1918 is divided by 45.
28
Calculate the remainder when 753854 is divided by 8.
6
What is the remainder when 3005 is divided by 1990?
1015
Calculate the remainder when 17019 is divided by 17005.
14
Calculate the remainder when 29365 is divided by 9749.
118
What is the remainder when 492 is divided by 266?
226
Calculate the remainder when 7425 is divided by 138.
111
Calculate the remainder when 6086 is divided by 76.
6
What is the remainder when 11819 is divided by 29?
16
What is the remainder when 3829 is divided by 3?
1
Calculate the remainder when 1045 is divided by 26.
5
Calculate the remainder when 5044 is divided by 328.
124
What is the remainder when 46618 is divided by 30?
28
Calculate the remainder when 296194 is divided by 148067.
60
What is the remainder when 10363716 is divided by 61?
60
Calculate the remainder when 46241 is divided by 564.
557
What is the remainder when 845062 is divided by 422525?
12
Calculate the remainder when 8108 is divided by 246.
236
What is the remainder when 748 is divided by 734?
14
What is the remainder when 1870 is divided by 9?
7
Calculate t